ds digit of 10734983?
9
What is the ten millions digit of 75871252?
7
What is the ten thousands digit of 3619328938?
2
What is the hundreds digit of 65324563?
5
What is the hundreds digit of 6284824589?
5
What is the hundred thousands digit of 109889462?
8
What is the thousands digit of 77916804?
6
What is the thousands digit of 1512965106?
5
What is the hundred millions digit of 110339414?
1
What is the thousands digit of 138688203?
8
What is the thousands digit of 2199396296?
6
What is the ten thousands digit of 41421512?
2
What is the units digit of 2062329052?
2
What is the hundreds digit of 24089991?
9
What is the hundred thousands digit of 1959900183?
9
What is the units digit of 453950483?
3
What is the ten thousands digit of 70130605?
3
What is the ten thousands digit of 26407369?
0
What is the hundred thousands digit of 388581012?
5
What is the ten millions digit of 54449521?
5
What is the ten thousands digit of 861917824?
1
What is the units digit of 61153536?
6
What is the ten millions digit of 127753467?
2
What is the ten thousands digit of 9750834?
5
What is the hundred thousands digit of 1530035713?
0
What is the thousands digit of 2250524367?
4
What is the thousands digit of 69798882?
8
What is the hundred millions digit of 464861071?
4
What is the hundred millions digit of 116738830?
1
What is the ten millions digit of 74011352?
7
What is the hundred thousands digit of 2548813939?
8
What is the hundreds digit of 28457943?
9
What is the thousands digit of 1372982463?
2
What is the thousands digit of 44482183?
2
What is the ten millions digit of 344489966?
4
What is the ten millions digit of 2849488505?
4
What is the hundred millions digit of 2413999849?
4
What is the ten thousands digit of 187783925?
8
What is the hundreds digit of 52419450?
4
What is the ten thousands digit of 57648951?
4
What is the ten thousands digit of 51602089?
0
What is the hundred thousands digit of 5149601943?
6
What is the hundred thousands digit of 362086206?
0
What is the tens digit of 73357731?
3
What is the ten millions digit of 371953562?
7
What is the hundred millions digit of 118941479?
1
What is the millions digit of 419178487?
9
What is the tens digit of 63935660?
6
What is the billions digit of 1590635253?
1
What is the hundreds digit of 151075775?
7
What is the hundred thousands digit of 2602738623?
7
What is the ten thousands digit of 4916154225?
5
What is the thousands digit of 491973599?
3
What is the hundred thousands digit of 60543711?
5
What is the thousands digit of 43903623?
3
What is the thousands digit of 470239608?
9
What is the hundred millions digit of 141264319?
1
What is the thousands digit of 150736596?
6
What is the tens digit of 75447584?
8
What is the ten thousands digit of 335086657?
8
What is the billions digit of 1579417998?
1
What is the thousands digit of 237202813?
2
What is the hundred millions digit of 973960961?
9
What is the ten millions digit of 623891431?
2
What is the hundreds digit of 1117556444?
4
What is the thousands digit of 105214270?
4
What is the thousands digit of 114327531?
7
What is the hundred thousands digit of 143813717?
8
What is the thousands digit of 1550044?
0
What is the millions digit of 5934317890?
4
What is the units digit of 11786019?
9
What is the ten millions digit of 70986434?
7
What is the ten thousands digit of 975334903?
3
What is the thousands digit of 716268261?
8
What is the billions digit of 3219782590?
3
What is the ten millions digit of 15423477?
1
What is the ten millions digit of 106143758?
0
What is the hundreds digit of 10557198?
1
What is the tens digit of 100704786?
8
What is the thousands digit of 8311834?
1
What is the ten millions digit of 2843739643?
4
What is the hundreds digit of 524123037?
0
What is the ten millions digit of 468304733?
6
What is the ten millions digit of 1541045359?
4
What is the tens digit of 163477029?
2
What is the hundreds digit of 345480156?
1
What is the tens digit of 411277939?
3
What is the hundred thousands digit of 1356076519?
0
What is the hundred millions digit of 615983466?
6
What is the thousands digit of 23901644?
1
What is the hundred thousands digit of 283477671?
4
What is the hundreds digit of 542198030?
0
What is the millions digit of 738908388?
8
What is the hundreds digit of 3383465275?
2
What is the hundred thousands digit of 78419726?
4
What is the hundred thousands digit of 41510672?
5
What is the hundreds digit of 22122018?
0
What is the thousands digit of 258452630?
2
What is the ten thousands digit of 117972603?
7
What is the hundred thousands digit of 41481851?
4
What is the thousands digit of 618868020?
8
What is the units digit of 8600734219?
9
What is the hundred millions digit of 6526873850?
5
What is the thousands digit of 34473972?
3
What is the ten thousands digit of 46712045?
1
What is the ten thousands digit of 25304722?
0
What is the units digit of 2508318840?
0
What is the tens digit of 2043385060?
6
What is the hundred thousands digit of 1217378296?
3
What is the hundred millions digit of 1471972463?
4
What is the hundred thousands digit of 172746339?
7
What is the tens digit of 137124967?
6
What is the thousands digit of 112455692?
5
What is the hundreds digit of 516219877?
8
What is the millions digit of 199163524?
9
What is the thousands digit of 238823694?
3
What is the millions digit of 922234427?
2
What is the millions digit of 32210898?
2
What is the hundreds digit of 317006152?
1
What is the millions digit of 52504319?
2
What is the ten millions digit of 1458144144?
5
What is the ten millions digit of 11583033?
1
What is the hundreds digit of 168389221?
2
What is the thousands digit of 113785073?
5
What is the tens digit of 224340738?
3
What is the thousands digit of 336968892?
8
What is the millions digit of 831463740?
1
What is the units digit of 80729009?
9
What is the ten millions digit of 102591773?
0
What is the units digit of 2937112941?
1
What is the thousands digit of 4663054003?
4
What is the units digit of 470062106?
6
What is the hundreds digit of 8826653?
6
What is the ten millions digit of 481608031?
8
What is the hundreds digit of 82663187?
1
What is the units digit of 233337559?
9
What is the units digit of 684192493?
3
What is the thousands digit of 1271234677?
4
What is the billions digit of 2112333223?
2
What is the ten millions digit of 179106110?
7
What is the hundred thousands digit of 1083207700?
2
What is the tens digit of 1166840226?
2
What is the hundred millions digit of 211068026?
2
What is the ten thousands digit of 311052763?
5
What is the hundred thousands digit of 7370523?
3
What is the hundreds digit of 348764556?
5
What is the tens digit of 12781605?
0
What is the hundred thousands digit of 6064079919?
0
What is the tens digit of 106565547?
4
What is the hundreds digit of 181851100?
1
What is the ten millions digit of 56848666?
5
What is the hundreds digit of 5072173?
1
What is the units digit of 3623870958?
8
What is the ten thousands digit of 285236353?
3
What is the hundreds digit of 26936365?
3
What is the millions digit of 44770053?
4
What is the hundreds digit of 104874386?
3
What is the units digit of 1436167632?
2
What is the hundreds digit of 98000688?
6
What is the tens digit of 88046842?
4
What is the ten millions digit of 97037797?
9
What is the hundreds digit of 27647975?
9
What is the hundreds digit of 130362708?
7
What is the ten millions digit of 35618825?
3
What is the ten thousands digit of 689807951?
0
What is the ten millions digit of 130092939?
3
What is the thousands digit of 48003049?
3
What is the units digit of 2142687587?
7
What is the hundred thousands digit of 70485363?
4
What is the ten thousands digit of 6273576?
7
What is the tens digit of 32968631?
3
What is the millions digit of 57061831?
7
What is the hundred thousands digit of 79449549?
4
What is the hundred thousands digit of 14739758?
7
What is the ten millions digit of 26403381?
2
What is the billions digit of 3003029643?
3
What is the tens digit of 130176538?
3
What is the units digit of 68434680?
0
What is the millions digit of 39195706?
9
What is the ten thousands digit of 37929230?
2
What is the millions digit of 234337252?
4
What is the thousands digit of 56473485?
3
W